16016 a multiple of 52?
True
Does 88 divide 4840?
True
Is 4 a factor of 9?
False
Is 24 a factor of 3977?
False
Is 380 a multiple of 35?
False
Does 56 divide 1512?
True
Is 47 a factor of 752?
True
Does 3 divide 291?
True
Is 6 a factor of 1902?
True
Is 263 a multiple of 20?
False
Is 27424 a multiple of 29?
False
Is 18 a factor of 116908?
False
Does 89 divide 2381?
False
Is 3077 a multiple of 14?
False
Is 704 a multiple of 16?
True
Is 65880 a multiple of 27?
True
Does 8 divide 565?
False
Does 7 divide 1830?
False
Is 6 a factor of 9115?
False
Does 17 divide 2057?
True
Does 3 divide 11414?
False
Is 384 a multiple of 8?
True
Is 627 a multiple of 33?
True
Is 8 a factor of 408?
True
Is 16 a factor of 10896?
True
Is 1140 a multiple of 19?
True
Is 38 a factor of 1380?
False
Does 21 divide 824?
False
Is 24 a factor of 9552?
True
Does 59 divide 8858?
False
Is 32680 a multiple of 43?
True
Does 25 divide 2375?
True
Does 29 divide 22881?
True
Does 25 divide 20025?
True
Is 65 a factor of 15015?
True
Is 8 a factor of 56?
True
Is 305 a multiple of 7?
False
Is 51 a factor of 867?
True
Is 23803 a multiple of 13?
True
Is 54 a factor of 13284?
True
Does 14 divide 9772?
True
Is 7 a factor of 294?
True
Does 3 divide 8676?
True
Is 18 a factor of 2052?
True
Is 23986 a multiple of 179?
True
Does 20 divide 3273?
False
Is 5 a factor of 219?
False
Is 4 a factor of 24472?
True
Does 131 divide 43396?
False
Is 4797 a multiple of 9?
True
Is 26199 a multiple of 41?
True
Does 75 divide 481?
False
Is 68 a factor of 3332?
True
Is 37457 a multiple of 11?
False
Does 17 divide 1361?
False
Is 91 a factor of 1001?
True
Is 18 a factor of 540?
True
Is 147 a multiple of 7?
True
Does 13 divide 22312?
False
Is 140 a factor of 4075?
False
Does 3 divide 561?
True
Is 52360 a multiple of 4?
True
Does 15 divide 120?
True
Does 11 divide 9086?
True
Is 32512 a multiple of 127?
True
Does 157 divide 8301?
False
Is 86304 a multiple of 29?
True
Is 433 a multiple of 10?
False
Is 2 a factor of 115?
False
Does 12 divide 17160?
True
Is 18525 a multiple of 65?
True
Is 2240 a multiple of 14?
True
Is 20479 a multiple of 81?
False
Is 63590 a multiple of 13?
False
Does 2 divide 618?
True
Is 9396 a multiple of 7?
False
Does 13 divide 834?
False
Is 113 a factor of 3051?
True
Is 95 a factor of 570?
True
Does 26 divide 156?
True
Is 27 a factor of 270?
True
Is 78 a factor of 28759?
False
Is 4845 a multiple of 51?
True
Is 60 a factor of 1043?
False
Is 6002 a multiple of 5?
False
Is 58 a factor of 1044?
True
Does 54 divide 4428?
True
Is 123 a factor of 40178?
False
Does 14 divide 7224?
True
Is 17 a factor of 142?
False
Is 68 a factor of 5372?
True
Does 26 divide 12246?
True
Is 153 a factor of 45152?
False
Is 23 a multiple of 2?
False
Is 4060 a multiple of 203?
True
Does 24 divide 2897?
False
Does 4 divide 84?
True
Is 41 a factor of 17753?
True
Does 31 divide 44108?
False
Is 11078 a multiple of 58?
True
Does 31 divide 8171?
False
Is 86 a factor of 344?
True
Is 36 a multiple of 2?
True
Is 27 a factor of 8568?
False
Is 9 a factor of 4086?
True
Does 5 divide 2904?
False
Is 48 a factor of 151?
False
Is 15494 a multiple of 61?
True
Does 20 divide 4196?
False
Does 9 divide 1008?
True
Is 8498 a multiple of 7?
True
Is 104 a factor of 1885?
False
Is 3457 a multiple of 24?
False
Is 276 a multiple of 46?
True
Is 184 a multiple of 4?
True
Does 37 divide 663?
False
Does 3 divide 1752?
True
Is 4 a factor of 504?
True
Is 41 a multiple of 4?
False
Is 1190 a multiple of 9?
False
Is 324 a multiple of 54?
True
Does 44 divide 2012?
False
Is 15 a factor of 114?
False
Does 11 divide 16052?
False
Does 38 divide 2597?
False
Is 29 a factor of 40571?
True
Is 42 a factor of 7224?
True
Does 123 divide 15481?
False
Is 23 a factor of 10013?
False
Does 3 divide 522?
True
Is 128 a factor of 3479?
False
Is 8943 a multiple of 11?
True
Does 18 divide 1424?
False
Does 77 divide 1925?
True
Is 169 a factor of 58305?
True
Is 46 a factor of 167?
False
Is 120 a factor of 18971?
False
Is 47 a factor of 1269?
True
Is 2 a factor of 897?
False
Does 27 divide 2302?
False
Does 22 divide 306?
False
Does 21 divide 3339?
True
Is 71311 a multiple of 69?
False
Is 297 a multiple of 19?
False
Is 949 a multiple of 19?
False
Is 276 a multiple of 3?
True
Is 11172 a multiple of 86?
False
Is 3192 a multiple of 14?
True
Does 275 divide 23185?
False
Is 151 a factor of 77312?
True
Does 200 divide 72000?
True
Does 35 divide 9380?
True
Does 107 divide 23199?
False
Does 8 divide 304?
True
Does 20 divide 1500?
True
Does 8 divide 1128?
True
Is 5480 a multiple of 137?
True
Is 9308 a multiple of 26?
True
Is 3825 a multiple of 51?
True
Is 43 a factor of 1714?
False
Is 14 a factor of 1176?
True
Does 13 divide 13825?
False
Does 56 divide 1666?
False
Is 3 a factor of 73?
False
Is 6 a factor of 301?
False
Is 259 a multiple of 37?
True
Is 56 a factor of 1370?
False
Is 45 a factor of 12465?
True
Is 110 a factor of 2860?
True
Is 16 a factor of 96?
True
Is 3 a factor of 266?
False
Does 105 divide 21793?
False
Is 78 a factor of 3839?
False
Is 15132 a multiple of 52?
True
Does 16 divide 54432?
True
Is 107216 a multiple of 173?
False
Is 65520 a multiple of 30?
True
Does 80 divide 1120?
True
Is 1056 a multiple of 44?
True
Is 13881 a multiple of 16?
False
Is 6738 a multiple of 11?
False
Is 4 a factor of 365?
False
Is 39273 a multiple of 159?
True
Is 39 a factor of 52375?
False
Is 13 a factor of 663?
True
Is 445 a multiple of 2?
False
Does 11 divide 1155?
True
Is 60 a factor of 33875?
False
Is 240 a multiple of 30?
True
Is 20 a factor of 620?
True
Is 91134 a multiple of 16?
False
Is 14 a factor of 235?
False
Does 22 divide 2024?
True
Does 22 divide 4510?
True
Is 11 a factor of 29001?
False
Is 31 a factor of 13733?
True
Does 12 divide 286?
False
Is 41294 a multiple of 181?
False
Does 6 divide 4920?
True
Does 13 divide 36335?
True
Is 1440 a multiple of 48?
True
Does 38 divide 1871?
False
Does 188 divide 84412?
True
Is 26 a factor of 6604?
True
Is 276 a multiple of 8?
False
Is 22 a factor of 1767?
False
Does 21 divide 551?
False
Does 21 divide 796?
False
Is 21 a factor of 311?
False
Does 3 divide 476?
False
Does 102 divide 9759?
False
Is 6 a factor of 430?
False
Is 24888 a multiple of 17?
True
Is 9 a factor of 983?
False
Is 14 a factor of 1638?
True
Does 34 divide 10808?
False
Is 1875 a multiple of 24?
False
Does 11 divide 591?
False
Is 96197 a multiple of 193?
False
Does 6 divide 414?
True
Is 57 a factor of 13591?
False
Does 11 divide 20620?
False
Is 11751 a multiple of 9?
False
Is 2883 a multiple of 9?
False
Does 8 divide 6612?
False
Does 69 divide 1380?
True
Does 3 divide 123?
True
Is 3996 a multiple of 9?
True
Does 14 divide 28697?
False
Does 8 divide 32169?
False
Does 13 divide 858?
True
Does 25 divide 351?
False
Is 9768 a multiple of 66?
True
Is 121 a factor of 9972?
False
Is 83 a factor of 1233?
False
Is 18627 a multiple of 21?
True
Is 2760 a multiple of 15?
True
Does 3 divide 456?
True
Is 6 a factor of 544?
False
Is 3841 a multiple of 12?
False
Does 5 divide 62518?
False
Does 19 divide 494?
True
Is 16 a factor of 1066?
False
Does 60 divide 2661?
False
Is 49 a factor of 204?
False
Is 32 a factor of 1472?
True
Is 23 a factor of 57192?
False
Is 48 a factor of 432?
True
Is 2295 a multiple of 51?
True
Is 31526 a multiple of 20?
False
Is 20732 a multiple of 146?
True
Is 25980 a multiple of 30?
True
Is 77545 a multiple of 65?
True
Is 13 a factor of 777?
False
Does 19 divide 518?
False
Is 123 a multiple of 38?
False
Is 33944 a multiple of 80?
False
Does 11 divide 5802?
False
Is 133 a factor of 2596?
False
Is 26 a factor of 4056?
True
Is 7 a factor of 1151?
False
Is 42 a factor of 4698?
False
Is 8 a factor of 952?
True
Is 1029 a multiple of 28?
False
Is 15627 a multiple of 159?
False
Does 13 divide 11973?
True
Is 2388 a multiple of 24?
False
Does 23 divide 3243?
True
Is 11 a factor of 110?
True
Is 76 a factor of 18772?
True
Does 21 divide 216?
False
Is 405 a multiple of 45?
True
Is 128 a factor of 4736?
True
Is 5 a factor of 2701?
False
Is 4767 a multiple of 227?
True
Is 21 a factor of 40376?
False
Is 2876 a multiple of 3?
False
Does 24 divide 3408?
True
Does 6 divide 951?
False
Is 8763 a multiple of 127?
True
Is 119 a factor of 319?
False
Is 7 a factor of 29?
False
Is 1002 a multiple of 31?
False
Is